 9.
6
Suppose 4*h = -h. Suppose -v = -h*v. Suppose v = i - 11 - 11. Calculate the remainder when i is divided by 8.
6
Let p = -18 + 10. Calculate the remainder when 93 is divided by 70/3 + p/(-12).
21
Let n(a) = a + 1. Let t be n(4). Suppose -t*x = j - 22, -2*j - 3*x - x = -20. Calculate the remainder when 5 is divided by j.
1
Let a(q) = 14*q + 4. Calculate the remainder when a(2) is divided by 9.
5
Suppose 4*x = -x + 275. Calculate the remainder when 219 is divided by x.
54
Suppose 3*r + 50 = 8*r + 4*g, r + g = 11. What is the remainder when r is divided by 4?
2
Suppose -11*u + 2*u = -1647. Calculate the remainder when u is divided by 23.
22
Let d be (3 + 1)/1*2. Suppose 2*t + d = -t + 5*h, 2*h - 28 = -5*t. Suppose -50 = -q - t*q. Calculate the remainder when 29 is divided by q.
9
Let c = -30 + 75. What is the remainder when c is divided by 12?
9
Let c(g) = 2*g**3 - 2*g - 1. Let m be c(2). Suppose x = m - 2. Calculate the remainder when 1*-1 - 153/(-9) is divided by x.
7
Let t(x) = -x**2 + 34. Calculate the remainder when t(0) is divided by (-110)/(-6) + (-3)/9.
16
Let m(n) = 4*n**3 - 7*n**2 + 5*n + 2. Let v(x) = 3*x**3 - 8*x**2 + 6*x + 2. Let s(o) = 2*m(o) - 3*v(o). What is the remainder when 19 is divided by s(9)?
5
Let s(k) = -k**3 + 7*k**2 - 11*k + 10. Calculate the remainder when 81 is divided by s(4).
11
Let l(u) = u**3 + 6*u**2 + u - 7. Calculate the remainder when 234/10 - 2/5 is divided by l(-5).
10
Suppose 3*h + t = 2*t + 28, 0 = 4*h - 4*t - 24. What is the remainder when 30 is divided by h?
8
Let u(j) = 2*j**3 + 2*j**2 - j. Calculate the remainder when 54 is divided by u(2).
10
Suppose 5*f - 18 + 148 = 0. Suppose -q - 56 = -2*q. Let m = f + q. What is the remainder when m is divided by 8?
6
Let j = -62 - -69. Calculate the remainder when 12 is divided by j.
5
Let o be 12*6/24 - (-1)/1. Let b = -103 - -157. Suppose 2*l - o*l = -b. What is the remainder when l is divided by 7?
6
Let w(r) = -2*r**2 + 2*r - 1. Let z be w(1). Let h(m) = -m**2 + 6*m - 2. Let g be h(3). Let j = g + z. What is the remainder when 10 is divided by j?
4
Let o = -370 - -639. Calculate the remainder when o is divided by 54.
53
Suppose 21*r - 42 = 15*r. Suppose 90 + 18 = 4*v. What is the remainder when v is divided by r?
6
Let o be -16 - ((1 - 3) + 0). Let w(f) = -42*f - 1. Calculate the remainder when w(-1) is divided by (6 + 2)*o/(-8).
13
What is the remainder when 4/(-14) - (-3708)/42 is divided by 18?
16
Let d = -7 - -14. Calculate the remainder when 20 is divided by d.
6
Let q(w) = 4 - 2 - 4*w + 2*w + 6*w**2. What is the remainder when q(2) is divided by 12?
10
Let y = 9 - 4. Suppose -y*n + 3*n = -56. What is the remainder when n is divided by 10?
8
Let k = -9 - -37. Calculate the remainder when 192 is divided by k.
24
Let n = 6 - -2. Let s(d) = -4*d + 7. What is the remainder when s(-6) is divided by n?
7
Calculate the remainder when 36 is divided by ((-6)/(-5) - 0)/(80/1400).
15
Suppose 4*b + u - 90 = 0, -3*u + 2*u = 5*b - 112. Calculate the remainder when b is divided by 13.
9
What is the remainder when 85 is divided by 266/12 - 5/30?
19
Let c be 8/(-2)*(-450)/24. Let a = -50 + c. What is the remainder when a is divided by 7?
4
Let s(o) = -o**2 - 10*o - 9. Let y be 2/(7/4 - 2). Let f(u) = -u + 4. What is the remainder when s(y) is divided by f(0)?
3
Let p(q) = -q**2 + 11*q - 11. Let x be p(10). Calculate the remainder when 62 is divided by -4 - x - (-25 - -1).
20
Suppose 0 = 4*u - 9*u + 245. Let n = 39 - 26. What is the remainder when u is divided by n + (-2)/1 + 2?
10
Calculate the remainder when 43 is divided by -4*((-16)/(-72) - 358/72).
5
Let y = 26 + -11. What is the remainder when y is divided by 8?
7
Calculate the remainder when 15*(0 - 4/((-20)/5)) is divided by 4.
3
Suppose -y + 160 = 3*y. What is the remainder when 24/y - 154/(-10) is divided by 9?
7
Suppose 3*z - 19 = -p, p = 3*z + z - 23. Let y be ((-3)/z)/(1/(-14)). Let s = -5 + y. Calculate the remainder when 2 is divided by s.
0
Let y = -14 - -40. What is the remainder when y is divided by 15?
11
Let t be (-92)/(-5) - (-2)/(-5). Suppose t = 2*h + g, -2*g - 3 = -h + 1. Calculate the remainder when h is divided by 5.
3
Suppose -o - 4*h + 102 = -44, 2*o - 5*h - 266 = 0. Suppose 2*r + o = 7*r + s, r - 36 = 4*s. What is the remainder when r is divided by 10?
8
Let w = -392 - -424. What is the remainder when w is divided by (-1)/(-2)*-1*-22?
10
What is the remainder when 275 is divided by (21/(-42) - (-1)/(-2))*-46?
45
Let a = 126 + -119. Calculate the remainder when 11 is divided by a.
4
Let g = 9 - 7. Suppose -2*y + g = -0*y. Calculate the remainder when y is divided by 1.
0
Let d = 8 - -7. Calculate the remainder when d is divided by 6.
3
Let u(d) = -6*d**3 + 9*d**2 + 8*d + 16. Let x(j) = -5*j**3 + 9*j**2 + 8*j + 15. Let c(b) = 4*u(b) - 5*x(b). Calculate the remainder when 17 is divided by c(10).
8
Suppose -32*b = -28*b - 68. Calculate the remainder when 49 is divided by b.
15
Let b = 82 - 21. Let a(k) = k**3 + 6*k**2 - 9*k + 7. Calculate the remainder when b is divided by a(-7).
19
Suppose 0*j + 22 = j. Let t be (-5)/(-1) + -5 + 4. Suppose 0 = -3*x + t*c + 20, -x - 4*x = -c - 39. Calculate the remainder when j is divided by x.
6
Let u = -8 + 9. Calculate the remainder when 0 - -1 - (-1)/u is divided by 2.
0
Suppose -12 = 4*t - 0*t. Let z = -1 - t. Suppose 2*k = -5*d + z*d + 19, -3*k - 3*d + 33 = 0. What is the remainder when 27 is divided by k?
13
Suppose 0 = -2*t + 4*v + 1032, 5*t - 5*v = -0*t + 2580. Let u be (-1)/3 - t/(-9). Suppose -13 + u = 4*h. Calculate the remainder when 20 is divided by h.
9
Suppose 3*f + 5*h + 4 = 2*f, 5*f - 5*h = -80. Suppose -9 = -7*i + 75. Calculate the remainder when (-6)/21 - 312/f is divided by i.
10
Calculate the remainder when 27 is divided by 2/(-7) - 1500/(-105).
13
Suppose x = -2*x + 12. Let d be 14/x + 2/4. Suppose 3*z = 0, 7*p + z - 36 = d*p. What is the remainder when 23 is divided by p?
11
Suppose 4*u + 5*a - 135 = 0, -4*u + 108 = -2*a - 2*a. What is the remainder when u is divided by 17?
13
Let v be (-8)/(-10)*(4 + 1). Suppose 5*h = 4*c + 48 - 123, -30 = -2*c + v*h. What is the remainder when c is divided by 7?
4
Suppose -3*x = -5*p - 54, -4*x + 4*p + 92 = 12. What is the remainder when 4/(-18) + 2436/27 is divided by x?
21
Let x(y) = 3*y. Let p be x(5). Suppose h - 41 = -p. What is the remainder when h is divided by 9?
8
Let c(r) = 3*r + 5. Let q be c(5). Suppose -q - 85 = -3*f. What is the remainder when f is divided by 12?
11
Suppose 0 = -3*u + 7 - 25. Calculate the remainder when 22*(0 - 3/u) is divided by 4.
3
Suppose 4*v - 8*v = 3*j - 22, 0 = 3*j + 3*v - 24. What is the remainder when 44 is divided by j?
4
Suppose -75 = -9*q + 4*q. Let f = q + -21. Calculate the remainder when ((-114)/4)/(f/8) is divided by 13.
12
What is the remainder when 53 is divided by ((0 + -9)*6)/(-2)?
26
Suppose 0 = 3*t + 3*f - 24, 2*t - 4*f - 6 + 20 = 0. Suppose -27 = -2*v + 5*c, c + 2*c = 2*v - 25. Calculate the remainder when v is divided by t.
2
Let y(c) = -c**2 - 3*c + 3. Suppose -2*t + 2 = g + 3, 0 = 3*g + t - 17. Calculate the remainder when g is divided by y(-3).
1
Let y = 34 - 28. What is the remainder when y is divided by 2?
0
Suppose -2*r - 19 = -q, 2*q + 2*q = 3*r + 61. What is the remainder when q is divided by 4?
1
Let a = -7 + 8. Suppose -d + a = -9. Let f(v) = -2*v. What is the remainder when d is divided by f(-2)?
2
Suppose 6*b = 2*b + 5*k + 22, -17 = -3*b + 4*k. Calculate the remainder when b is divided by 2.
1
Suppose 5*o - 228 = 2*o. Calculate the remainder when o is divided by 13.
11
Let g = 114 + -55. What is the remainder when g is divided by 15?
14
Let k(m) = m**2 + 9*m - 4. Calculate the remainder when 17 is divided by k(-10).
5
What is the remainder when 65 is divided by 23 - (4 + -4 + 1)?
21
Let l(z) = -z**3 + 10*z**2 + 2*z + 5. Calculate the remainder when 97 is divided by l(10).
22
Let w(j) = -j**2 + 7*j - 5. Let f be w(6). Suppose 2*v = 3*q - 32, -2*q + 2*v = -6*q + 24. Calculate the remainder when -7*-3*f - -1 is divided by q.
6
Let q = 84 - 23. Calculate the remainder when q is divided by 18.
7
Let j(i) = -i**3 + 2. What is the remainder when 37 is divided by j(-2)?
7
Suppose -3*w + 51 = 3*p, 5*w - 4*p - p = 35. What is the remainde